m**4/12 - m**3/3 + 3. Let y(l) be the third derivative of j(l). Let u = -6 + 10. Give y(u).
6
Let n(j) = -j**2 + 3*j - 4. Suppose 0 = -0*v + 4*v - 28. Suppose -3*o = -8 - v. Let z be -2*o/((-10)/3). Give n(z).
-4
Let g(r) be the second derivative of -r**3/2 - 2*r**2 - 2*r. Let w(p) = 3*p**2 - 8*p**2 + 4*p**2 + 0*p**2 + p - 1. Let m be w(2). Give g(m).
5
Let t(l) = l**3 - 4*l**2 + 3*l + 3. Suppose 21 + 4 = -5*s. Let p = s - -8. Let u = 0 + p. Calculate t(u).
3
Suppose 4 = w + 2*f, 14 = -4*w - 0*w - 2*f. Let g(m) = m**2 + 9*m + 4. Calculate g(w).
-14
Let a(v) = v**3 + 5*v**2 + 4*v + 2. Let r(s) = -3*s**2. Let c be r(-1). Give a(c).
8
Let k(r) = -r**2 + 6*r + 1. Let u(h) = -h**2 + 4*h + 1. Let b(o) = 4*k(o) - 5*u(o). Suppose -2*v - 4*t = -2, v - t = -1 - 4. Calculate b(v).
-4
Suppose -2*i = i - 39. Let n = -9 + i. Let f(x) = x + n*x - 3 - 3*x + 0. Calculate f(4).
5
Let p(i) = i**2 - 17*i - 15. Let l be p(18). Let y(d) be the third derivative of -d**4/24 + d**3/2 + d**2. Determine y(l).
0
Let f(g) = g**3 - 2*g**2 - 5*g + 7. Let k be f(3). Let d(w) be the third derivative of w**4/12 - w**3/6 + w**2. Determine d(k).
1
Let x(r) = r**2 + 5*r + 2. Suppose i = 2*t - 10, 5 + 10 = 3*t - 3*i. Let b be (2 - t)*(-6)/(-6). Give x(b).
-4
Let z(d) = -d**3 + 1 - 4*d**2 - 9*d + 1 + 2*d**3 - 4*d**2. What is z(9)?
2
Let r(y) = 5*y**2 - 9*y - 8. Let b(l) = 4*l**2 - 9*l - 7. Let j(i) = -6*b(i) + 5*r(i). What is j(-8)?
-6
Let i(o) = -4 + 7 + 4 + o. What is i(-6)?
1
Let h(v) be the first derivative of v**4/4 + 7*v**3/3 + 3*v**2 - 8*v - 15. Give h(-6).
-8
Suppose -6*b - 8 = -2*b. Let m(k) = -9*k - 2. Determine m(b).
16
Let g(k) = -k**3 + 5*k**2 - 4*k + 1. Let q be g(4). Let v = 2 - q. Let l(y) = 1 - y**2 - 3*y**2 + y**3 + v - 5*y. Determine l(5).
2
Let y = -3 + 8. Suppose y*f - 8 = 4*g, -3*f + 0*f = 3*g - 21. Suppose -2*j = f*h - 4, -j + 11 = 5*h - 0*h. Let a(q) = q**3 + 3*q**2 - 2*q + 2. Calculate a(j).
-6
Let r = 0 + 4. Let s = 1 + r. Let a(j) = 10*j - 6*j + 2*j - 2*j - j**2 + 5. What is a(s)?
0
Let i(r) = -r**3 + 10*r**2 - 5*r + 8. Let c(g) = g**3 - 9*g**2 + 6*g - 8. Let l(q) = 3*c(q) + 2*i(q). Determine l(6).
4
Let x(d) be the third derivative of 0*d + 1/12*d**4 + 1/120*d**6 + 1/15*d**5 + 5/6*d**3 + 0 + 3*d**2. Let w be ((-1)/(-2))/(1/(-8)). What is x(w)?
-3
Suppose 3*p + p - 12 = 0. Suppose -u = -p*u + 8. Let y(o) = -o**3 + 3 + 2*o**2 + 2*o**3 - 6*o**2. What is y(u)?
3
Suppose -2*k - 5 = 5*l, 0*l = -5*l - 5*k + 10. Let y(a) = -2*a + a**2 - 2*a - 3 + 5*a. Determine y(l).
3
Let c(q) be the third derivative of -1/6*q**3 + 0*q - 1/8*q**4 - 1/60*q**5 + 0 + 2*q**2. Suppose 0 = 6*b - b + 10. Give c(b).
1
Let m(k) = 7 + 5*k**2 - 11*k**3 + 2*k + 10*k**3 + 3*k. Suppose -2*a + 2*g + 14 = 0, -2*a - 3*a + 33 = -3*g. Give m(a).
1
Let l(z) = -10 - 3 + 13 - 2*z. Calculate l(1).
-2
Let m(j) = 2*j - 4. Let u be m(4). Let h(n) = 3*n + 1 - 6*n + 1 + 2*n. What is h(u)?
-2
Let s(g) = 4. Let t(x) = x + 3. Let r(n) = -3*s(n) + 2*t(n). Determine r(-6).
-18
Let w be (-2)/(((-24)/(-20))/3). Let j(f) = f**3 + 12*f**2 + 4*f + 6. Let r(y) = 2*y**3 + 25*y**2 + 8*y + 13. Let a(s) = 13*j(s) - 6*r(s). Determine a(w).
5
Suppose -9 = -j + v - 5*v, 0 = 4*j - 5*v + 27. Let m = 1 + j. Let y(p) = -p**2 - p - 1. Let a(n) = 7*n**2 + 8*n + 8. Let l(b) = -a(b) - 6*y(b). What is l(m)?
-2
Let z(o) = -2*o**3 + 3*o**3 - o - 3*o**3 + 3*o**2 + 4*o**3 - 2. Let p = -1 - 4. Let a = p + 3. What is z(a)?
-4
Let f(o) = o**2 + 6 - 2*o + 0*o + 9*o. Let r(g) = g**2 + 2*g + 1. Let t be r(-6). Suppose -5*q - t = -0. Determine f(q).
-4
Let o = 173 - 171. Let h(q) be the second derivative of -q**5/20 - q**4/12 + q**3/3 - q**2/2 + 2*q. Calculate h(o).
-9
Let r = -22 + 27. Let u(k) be the third derivative of 0 - 1/4*k**4 - 1/60*k**r + 0*k - k**3 - k**2. Give u(-4).
2
Let d be ((-2)/(-4)*-2)/((-27)/(-54)). Let c(l) = 11*l + 3. Give c(d).
-19
Let c(f) = 4 + 14 - f**2 - 3*f - f**2 - 17. What is c(-3)?
-8
Let k(j) = -j + 1. Let r(d) = 2*d - 5. Let i(z) = -4*k(z) - r(z). Let v be 7*1 + 3/(-1). What is i(v)?
9
Let d(c) = 4*c + 3. Let y = -4 + 11. Let f(z) = z + 1. Let o(a) = y*f(a) - 2*d(a). Let x = -131 + 131. Calculate o(x).
1
Suppose 5*w = 4*y - 19 - 2, 0 = 4*y - 16. Let v(t) = -t**2 - t. Calculate v(w).
0
Let w(o) = -23 + 0*o**2 + 22 - o**2 + 5*o. Calculate w(6).
-7
Suppose 2*t = -t. Let r(s) = -2*s - 3. Suppose j - 12 = -3*j. Let w(b) = -5*b - 5. Let u(v) = j*w(v) - 7*r(v). Give u(t).
6
Let o = -2 + 7. Suppose 4*a = -a + o. Let c(b) be the third derivative of 3*b**4/8 - b**3/6 + b**2. What is c(a)?
8
Let w(c) = c**2 - 6*c + 2. Let v be ((-40)/12)/((-6)/9). What is w(v)?
-3
Let o = -7 - -13. Suppose -o = -0*m - 2*m. Suppose j + m = -1. Let k(q) = -q**2 - 4*q - 2. Give k(j).
-2
Let x(z) be the third derivative of z**4/24 - z**3/3 + 3*z**2. What is x(5)?
3
Let d(g) be the third derivative of g**6/120 + g**5/12 - 2*g**3/3 + 7*g**2. What is d(-5)?
-4
Let l(m) be the first derivative of 19*m**3/3 + m**2 - m + 12. Give l(1).
20
Let w(n) = n**3 + 6*n**2 + n + 1. Let z be w(-6). Let i(r) = -4*r - 1. Let d(u) = 4*u + 1. Let l(g) = z*d(g) - 4*i(g). Calculate l(2).
-9
Let v(s) be the third derivative of -s**7/840 + s**6/90 + 7*s**5/120 - 5*s**4/24 + s**3/6 + 3*s**2. Let y(r) be the first derivative of v(r). What is y(5)?
5
Suppose 4*q + 0*q + 36 = 0. Let r = -14 - q. Let d(n) = -n**3 - 5*n**2 - 3. Calculate d(r).
-3
Let i(z) = -2*z - z**3 + 0*z - 2 + 3*z. Let q be ((-7)/14)/(2/(-16)). Suppose 4*s + 4*k = -28, 2*s = q*k - 8 + 24. Determine i(s).
4
Let y(s) be the first derivative of s**2/2 + 2*s + 5. What is y(-6)?
-4
Let i be 1/((6/2)/9). Let c(u) = 0*u**3 + 2*u**2 - 4*u**3 + u**i + u**3 - 1. Give c(1).
-1
Let y(s) = 2*s**2 - 6*s + 1. Suppose 5*d = 3*n + 157, n = 2*d + d - 91. Suppose -d + 9 = -5*v. Determine y(v).
9
Let j(v) be the third derivative of -v**4/24 - 7*v**3/6 - 2*v**2 + 14*v. Calculate j(-5).
-2
Let u(l) = l**3 - 7*l**2 + 5*l + 6. Suppose 1 = f - 5. Give u(f).
0
Let s(d) = -d + 2 - 7 + 2. Let q(k) = k - 4. Let t(x) = -x + 5. Let z(y) = 3*q(y) + 2*t(y). Let j be z(-2). Give s(j).
1
Let d(b) = -b**2 + 4*b - 5. Let n(p) = -2*p - 6. Let c be n(-8). Suppose 0*w = 2*w - c. Determine d(w).
-10
Let w(r) = -r - 1. Let y be w(-3). Suppose -x - 1 + y = 0. Let g(n) = n**2 - 4*n - 6. Let u(z) = -z**2 + z + 1. Let m(a) = x*g(a) + 2*u(a). What is m(-3)?
-7
Let i(w) = w + 7. Let f(z) = z + 8. Let n(q) = 5*f(q) - 6*i(q). What is n(3)?
-5
Suppose 25 = -3*r + 8*r. Suppose 3*p - r = 8*p. Let y(i) = -8*i**2 + i. What is y(p)?
-9
Let l(x) = -x + 1. Let u(v) = v. Let n = 4 + -1. Let i(p) = n*l(p) + 4*u(p). What is i(0)?
3
Let c(o) = -o**3 - 6*o**2 + 3. Let h(u) = u**3 + 10*u**2 + 10*u + 9. Let k be h(-9). Suppose 3*r = 3*x - 6, 3*x - 18 = 5*r - k*x. Calculate c(r).
3
Let r(p) = p**2 + p + 4. Let v(s) = s + 3. Let z be v(-8). Let h = -10 - z. Let k be (1 - h)*(-2)/4. Determine r(k).
10
Let x be 24/2*(-3)/(-9). Suppose x*w - 19 = -3, 5*w - 26 = -2*i. Let c(t) = t - 1. Give c(i).
2
Suppose 3*m - 25 = -1. Suppose -5*l = -l - m. Let k(b) = -4*b**l + 0*b**2 - 3*b**2. Determine k(1).
-7
Suppose -9*g + 7 = -8*g. Let c = -9 - -4. Let x = g + c. Let s(b) = -b**3 + 4*b**2 - 4*b + 2. What is s(x)?
2
Suppose -5*a = 2*b - 4, -5*a + b + 6 + 7 = 0. Let f(n) be the second derivative of -n - 1/2*n**2 + 0 - 1/12*n**4 + 1/20*n**5 + 1/3*n**3. Give f(a).
7
Let v(a) = -a**3 + 4*a**2 - 5*a + 6. Let p = -3 - -2. Let u = -4 + p. Let w(n) = n**3 - 5*n**2 + 6*n - 6. Let z(k) = u*w(k) - 6*v(k). Calculate z(0).
-6
Let i be 2/(-13) + (-54)/(-13). Suppose i*p - 2*p = 4. Let k(s) = s**3 - s**2 - 1. Determine k(p).
3
Suppose 1 = o + 3. Let x be 2 - (0 - o - 6). Let l(n) = -n**2 + 6*n - 1. Let g be l(x). Let p(b) = 12*b. Give p(g).
-12
Suppose 4*d = g + 5, 0*d + 2*d = 8. Suppose -s - 2*i = 3*i - g, 5*s - 4*i = -32. Let w(f) = -f**2 - 5*f - 2. Calculate w(s).
2
Let n be -1 - -5 - (2 + 0). Let i(y) = -4*y + 2*y + 5 + 4*y + 5*y**2 - n*y**3 + y**3. Determine i(5).
15
Let x(g) = 5*g - 2. Let m be x(3). Let o = m + -8. Let u(t) = -t**3 + 5*t**2 - t - 7. Determine u(o).
-12
Let t(q) = -q**3 + 10*q**2 + q - 4. Let z be t(10). Let g(r) be the third derivative of -r**5/60 + r**4/4 + r**3/2 - 5*r**2. Give g(z).
3
Let z(q) be the third derivative of -1/3*q**4 + 2*q**2 + 0*q**3 + 0*q + 0. Dete